rs of (-57)/(v/(x/3)).
2, 19
Suppose -14*z = 552 - 5074. List the prime factors of z.
17, 19
Let l be -17 - (-3)/(9/6). Let f = l + 20. Suppose -f*o + 0*o + 175 = 0. List the prime factors of o.
5, 7
Let u = 13281 - 7030. List the prime factors of u.
7, 19, 47
Let m = 417 + -280. Let j = m - 59. List the prime factors of j.
2, 3, 13
Let k = 672 + 172. Suppose 5*u - k = 6. List the prime factors of u.
2, 5, 17
Let u = 42 - 23. Let q be (11 - u)*6/8. What are the prime factors of (-2 - 15/q)*34?
17
List the prime factors of 148/(-48)*-20*39.
5, 13, 37
What are the prime factors of 5078*1 - (-32)/8?
2, 3, 7, 11
Suppose -2*o + 3 - 17 = 0. Let w = o + 9. List the prime factors of 18 - 12/(-8)*w.
3, 7
Let i(m) = -m**2 - 26*m - 27. List the prime factors of i(-8).
3, 13
Let j = -13 - -16. Suppose 2*l = -j*l + 130. Suppose -5*k - 104 = -2*m - 40, k + l = m. What are the prime factors of m?
2, 11
Let s(a) = a**2 - 14*a. Let v be s(-8). Let g = 320 - v. List the prime factors of g.
2, 3
Suppose -a + t - 95 = -4*a, -4*a + 136 = -t. Suppose 28*m = a*m - 1065. What are the prime factors of m?
3, 71
Let a(g) = 5*g - 5. Let s be a(2). Let h(j) = j - 1. What are the prime factors of h(s)?
2
Let m be 3 + (-2 - 1) - -6. Let f be (-3)/(m/2)*3. Let s = f - -27. What are the prime factors of s?
2, 3
Let u be -3*2/21 + (-4437)/(-21). Suppose -3*i + 202 - 61 = -5*c, u = 4*i + c. What are the prime factors of i?
2, 13
Suppose 0 = -5*c - 0*c - 2*r + 1440, 0 = 3*c + 4*r - 850. List the prime factors of c.
2, 5, 29
Let r(o) = -o**3 - 8*o**2 + 4*o + 11. Let c be r(-8). Let p be ((-6)/(-4))/(c/28). List the prime factors of (2/(-4))/(p/28).
7
Let z be -6 - 4/(-2) - -88. Let p be 8/3 + 4/(-6). List the prime factors of 1/((8/z)/p).
3, 7
Suppose 0 = s + 11*s - 4344. What are the prime factors of s?
2, 181
What are the prime factors of 2/10 - 1636/(-40)*2?
2, 41
Let h(x) = -19*x - 49. List the prime factors of h(-11).
2, 5
Suppose 3*h = 41 + 307. Suppose 4*i - h = -4*g, -3*i - g + 81 = 4*g. What are the prime factors of i?
2
Suppose 0 = -8*a - 534 + 182. Let d = a - -128. List the prime factors of d.
2, 3, 7
Suppose -6 = -v - 3*t, 0*v - 5*v + 4 = 2*t. Suppose 23 = -3*l + q, 2*l + 27 = -v*l + 3*q. List the prime factors of ((-68)/8)/(3/l).
17
Suppose z - 2*v + 52 = 4*z, 5*z - 60 = 2*v. List the prime factors of (16/z)/(34/119).
2
Let d = -1180 - -4553. What are the prime factors of d?
3373
What are the prime factors of 12990/6 + -3 + -5 + 10?
11, 197
Let o(z) be the third derivative of 7*z**5/15 - z**4/4 - 5*z**3/3 - z**2. List the prime factors of o(-3).
2, 5, 13
List the prime factors of (2 + 149 - -6) + -3.
2, 7, 11
Suppose 14*g = 23341 - 4203. What are the prime factors of g?
1367
Suppose 5*x = 0, -2*x + 9 = 3*o - 417. Suppose -3*u - 249 - o = -4*v, 2*v + 3*u = 209. List the prime factors of v.
2, 5
Suppose 5*t - 10 = 0, 2*v - t + 6 = v. Let j(i) = -i**2 - 3*i - 2. Let k be j(v). List the prime factors of 1*(-18)/(k - -4).
3
Suppose 22*t = 24*t - 22. Suppose o + n - 68 = 0, -6*o = -t*o - n + 336. What are the prime factors of o?
67
Suppose 93*g - 112947 = 58359. List the prime factors of g.
2, 3, 307
Let j(u) = -4*u - 2. Suppose 3*y + y + 4 = 0, l - 3 = 4*y. Let w be j(l). Suppose 4*i - 4 = w*i. What are the prime factors of i?
2
Suppose 20*m - 34188 = -m. What are the prime factors of m?
2, 11, 37
Suppose -5*g = 3*u - 16, 0*u = -g + u. Suppose -3*k - 198 = 2*c - 5*c, 4*c - 276 = -g*k. List the prime factors of c.
2, 17
Let q(s) = -14*s - 3. Let i be q(-7). Suppose 5*w = -0*w - i. Let k = w + 25. List the prime factors of k.
2, 3
Let y be 9 + (0/(-2) - -4). Suppose -5*a = -3*b - 1, b + a = -a - 4. Let x = y - b. What are the prime factors of x?
3, 5
Let u(i) = 414*i**3 + i**2 + 3*i - 2. List the prime factors of u(1).
2, 13
Suppose 205 = -5*l + 5*n, 4*l - 2*n = 51 - 217. List the prime factors of (l/15)/(-7) + 608/5.
2, 61
Suppose -5*j = 28 + 2. Let y be 34/(-3) - 4/(-12). Let z = j - y. What are the prime factors of z?
5
Suppose 4*q = 7*d - 2*d + 259, -3*q - 2*d + 177 = 0. Let z be q + 0 + 1/(-1). Suppose -g + 35 = 4*l, -2*l = -3*g + l + z. What are the prime factors of g?
23
Let o = -59 - -60. List the prime factors of 5/2*o*(-2 + 28).
5, 13
Suppose -1 = -2*w + 3. Let j(i) = -i**2 - 4 + w + 2*i**2 + 10 - 6*i. What are the prime factors of j(7)?
3, 5
Let w = -12 - -16. Suppose -w*b = -8*b. Suppose b = u - 4 + 2. What are the prime factors of u?
2
Suppose -2*r = 4*o + 48, -3*r = -0*o + 4*o + 80. Let j = r + 182. What are the prime factors of j?
2, 3, 5
What are the prime factors of 6764/12 + 2/6?
2, 3, 47
List the prime factors of (-4)/(-14) + (12360/56 - 4).
7, 31
Suppose -6*n + 9 - 3 = 0. List the prime factors of (-14 - 2)/((-1)/n).
2
Suppose 6*l - 10*l = 5*q - 14738, 3*q - 11052 = -3*l. What are the prime factors of l?
2, 7, 263
Let q be (-3 - 1)*1*-3. What are the prime factors of -8*11*(-6)/q?
2, 11
Let m be (-36)/162 - (-5350)/18. Suppose -4*g + 1167 = 5*x, m = g + x + 2*x. What are the prime factors of g?
2, 3
Suppose 0 = i - 2*s - 1111, -4*s - 1117 = -i + s. List the prime factors of i.
3, 41
Let a be (-47*(-2)/6)/(3/9). Let x = 74 - a. List the prime factors of x.
3
Suppose i + 2 = -2. Let d = i - -7. Suppose -3*y - 62 = -5*w, -2*w = y - d*y - 28. What are the prime factors of w?
2, 5
Let v = -936 + 1384. List the prime factors of v.
2, 7
Let k = -7 - -8. Let o be 0 - -2*k/2. Suppose 3*r + 110 = 3*p + r, -o = r. What are the prime factors of p?
2, 3
Let s(i) = 2*i**2 - 10*i + 10. Let y be s(4). Suppose y*m - 182 = -2*u, -4*m - 23 = -7. List the prime factors of u.
5, 19
Let v = -61 - -89. Let c = v - -1. List the prime factors of c.
29
Let g be ((-6)/(-7))/((-8)/56). Let l(o) = -o**2 - 7*o - 9. Let r be l(g). What are the prime factors of 43 + (-2 - 3 - r)?
41
Let d(a) = -26*a + 210. What are the prime factors of d(-66)?
2, 3, 107
Suppose -2*m = m. Suppose v - 2*g + 13 = m, 13 = -v - 0*v + g. Let s = -11 - v. List the prime factors of s.
2
Let y(q) = 140*q - 65. List the prime factors of y(14).
5, 379
Suppose 3*j = 3*q + 110 - 452, 2*q - 234 = 4*j. List the prime factors of q.
3, 37
Let r(b) = -b**2 + 9*b + 2. Let c be r(9). List the prime factors of 97 + c/(-4)*(-11 - -9).
2, 7
Let w be (0 - 0)*4/12. Suppose -3*z + 3 + 4 = 4*q, w = z - 4*q - 29. What are the prime factors of (z/3)/(2/38)?
3, 19
Let x(u) = 5*u**2 + 1. What are the prime factors of x(-7)?
2, 3, 41
Let z(b) = 6*b**2 - 18*b + 2. Let c(q) = -7*q**2 + 19*q - 2. Let j(g) = -5*c(g) - 6*z(g). List the prime factors of j(6).
2, 5
Let m(w) be the third derivative of -w**6/120 - w**5/3 - w**4 + 2*w**3 + w**2. What are the prime factors of m(-19)?
107
Let q = -16 + 22. Let j be (-2)/(-1) + q/3. List the prime factors of j/(-2) - (-19 - 12).
29
Let s(y) = y**3 + 37*y**2 - y - 88. What are the prime factors of s(-36)?
2, 311
Let x(y) = -y**2 - 9*y - 4. Let s be x(-8). Let k(t) = t**2 - 4*t + 10. What are the prime factors of k(s)?
2, 5
Let u(y) = 97*y + 207. What are the prime factors of u(15)?
2, 3, 277
List the prime factors of 1361/1 + (4 - 3).
2, 3, 227
Let l(v) = v**2 - 5*v - 2. Let y(x) = x - 4. Let o be y(9). Suppose 2*q - o - 19 = -2*p, -p = 5*q - 28. What are the prime factors of l(p)?
2, 11
Let j(c) = -c**3 + 3*c**2 - 17*c - 33. Let b(i) = -i**3 + 4*i**2 - 25*i - 49. Let q(k) = -5*b(k) + 7*j(k). List the prime factors of q(-4).
2, 67
Let m be (4/(-6))/(4/(-18)). Suppose m*c = -0*c + 42. Let b = 37 - c. List the prime factors of b.
23
Let o(t) = -4*t - 4. Let n be o(-2). Suppose f + 5*g - 10 = 0, n*f - 50 = -f - g. What are the prime factors of (-4)/f - (-244)/10?
2, 3
Suppose 6 = -p - 3. Let d(l) = l**3 + 10*l**2 + 9*l + 5. Let a be d(p). Suppose 19 = a*m - 71. What are the prime factors of m?
2, 3
Let q(g) = 11*g**3 + 23*g**2 + 15*g + 5. Let u(p) = 5*p**3 + 11*p**2 + 7*p + 2. Let w(l) = 4*q(l) - 9*u(l). List the prime factors of w(-8).
2, 3, 5
Let l(a) be the first derivative of a**4/4 + 2*a**3 + a**2/2 - 7*a + 1. Suppose 39*m - 5 = 40*m. List the prime factors of l(m).
13
Suppose -48 = u - 191. Let w = -55 + u. What are the prime factors of w?
2, 11
Let g(l) = l + 3*l**2 - 5 + l**3 + l - 8*l**2. Let o be g(5). Suppose o*y + 20 = 2*c, -7 = -3*c - 2*y - 2*y. What are the prime factors of c?
5
L